ose -3*o = -g*o + 12. Let z(c) = 7*c - 10*c**o - 6*c - c - c**2. Give z(-1).
9
Let p(x) be the third derivative of -x**6/120 - 13*x**5/30 + 5*x**4/4 + 21*x**3/2 - 5*x**2 + 9. Give p(-27).
-18
Let h(f) = 7768*f + f**3 - 7763*f + 2 + f**2 + 5*f**2. Suppose o + 8 = -3*a, -4*o + 2*a = 9 + 9. What is h(o)?
2
Let u(z) = -z**3 - 11*z**2 + 11*z - 17. Let j(t) = 5*t - 17. Let q be j(8). Suppose 0 = q*w + 17*w + 480. Determine u(w).
-5
Let h(r) = 2*r + 5. Suppose 2*u - 6 = -d, 0*u + 5*u - d = 15. Suppose u*n - 5*c - 30 = 0, 3*c - 13 = -4*n - 2. Suppose n + 10 = -3*v. What is h(v)?
-5
Let i(g) = -g**3 + 30*g**2 - 55*g - 29. Let p(t) = -29*t + 1333. Let l be p(45). Calculate i(l).
-1
Let w = -11 - -18. Let t(h) = -h + h - 8*h - w - h**2. Let o be -30*(-4)/(-96)*4. Give t(o).
8
Let g(c) = c**2 + 10*c - 10. Let v(z) = z**3 - 16*z**2 + 29*z - 24. Let j = -441 - -455. Let f be v(j). Determine g(f).
-10
Suppose -12 = -3*x + q, -5*q + 112 - 87 = 2*x. Let c(j) = -3786*j**3 + 3785*j**3 - 3 + 2*j**2 + x. Give c(2).
2
Let f(v) be the second derivative of -v**5/20 + 7*v**4/3 - 5*v**3 + 65*v**2/2 + 3217*v - 1. What is f(27)?
-16
Let i(j) = j**3 + 3*j**2 - j + 6. Let t be i(-3). Let o be 2*t*((-21)/14 - -2). Let g be 3/o - ((-160)/15)/(-2). Let c(d) = d**2 + 4*d + 1. What is c(g)?
6
Let d(s) = s**2 + 12*s - 19. Let i be d(-17). Suppose 0 = 22*f - 16*f + i. Let z(c) = 2*c - 4. Give z(f).
-26
Let g(l) = l**3 + 6*l**2 - 7*l + 6. Let r = 90 - 75. Let y be (-14 + 22)*5/4. Suppose r*n = y*n - 35. Give g(n).
6
Let v(p) = p**2 - 5*p - 10. Let z(a) = -a**2 + 6*a + 10. Let w(t) = -6*v(t) - 5*z(t). Let q be (-3 + -10)/(5/(-65)). Let o = -169 + q. Give w(o).
10
Let d(y) be the first derivative of -y**4/4 - 9*y**3 - 31*y**2/2 + 9*y - 3208. What is d(-26)?
139
Let q(x) be the second derivative of -x**3/3 - x**2/2 + 19*x - 41. Calculate q(-5).
9
Let x = 621 + -617. Suppose -3*u = 4*a + 4, x*u = -5*a - u - 5. Let w(z) = -z**3 + z**2 - 3*z + 1. Let n(i) = i**2 - i. Let d(j) = -3*n(j) + w(j). What is d(a)?
0
Let m(q) = -q - 129. Let f(d) = d + 103. Let c(a) = 6*f(a) + 5*m(a). Determine c(26).
-1
Suppose 0 = -5*l + 4*y + 77, -186*l + 189*l - 19 = -y. Let x(s) = -3 + 2*s - 3*s + 10 + 0*s. What is x(l)?
-2
Let b(k) = 4*k + 23. Let t be 17/5 + (-4)/20*2. Let n(u) = -10*u - 46. Let o(v) = t*n(v) + 7*b(v). Calculate o(11).
1
Let y(c) = -4*c + 2 - 2 - 1. Let b(g) = g - 2. Let z(p) = p**3 - 13*p**2 + 23*p - 129. Let a be z(12). Let o(m) = a*b(m) + y(m). What is o(-6)?
-1
Let t(s) be the second derivative of 7*s**3/6 + 37*s**2/2 - 3*s + 2819. Give t(-5).
2
Let k be (48/10)/(8*24/3200). Let i(a) = 22 - k + 26 + a + 4*a + 30. Give i(2).
8
Suppose 5*m + 50 = -0*m. Let u(i) = 252*i + i**2 - 119*i - 123*i - 4. What is u(m)?
-4
Let j(y) be the second derivative of -y**4/6 + 91*y**3/6 + 24*y**2 + 548*y. Calculate j(46).
2
Let g be ((-26)/4)/((-5)/10). Let b(o) be the second derivative of o**3/6 - o**2/2 + 3844*o. Calculate b(g).
12
Suppose 3*j + 12 = 30. Let p(n) = -118*n**2 - j*n**3 + 119*n**2 + n + 5*n**3. Determine p(0).
0
Let a be 9 + -5 - -3 - 2. Let x(z) be the third derivative of z**4/12 - 8*z**3/3 - 472*z**2. Give x(a).
-6
Let v(x) be the second derivative of x**4/12 + 3*x**3 + 2*x**2 - 282*x. Let o(h) = -h**2 - 17*h - 5. Let w(f) = 5*o(f) + 4*v(f). Determine w(-8).
31
Let n(p) = 7*p**2 + 36*p + 146. Let q(a) = -2*a**2 - 3*a. Let b(y) = -n(y) - 3*q(y). Give b(-8).
6
Let w(l) = 3 - 1246895*l + 1246892*l + 2 + 2. Calculate w(-8).
31
Let o(u) = 50*u - 203. Let l(x) = -x**3 + 4*x**2 - 167*x + 672. Let r be l(4). Determine o(r).
-3
Let d(m) = m + 9. Let l(t) = 3*t + 26. Suppose 41*s + 20 = 46*s. Let p(k) = s*l(k) - 11*d(k). What is p(-12)?
-7
Let q(v) = -v**2 - 2*v + 30. Suppose -17*t = 8*t + 11*t. What is q(t)?
30
Suppose 0 = 2*h + 18 + 2. Let t(n) = n + 10. Let d(f) = f + 9. Let k(s) = 6*d(s) - 5*t(s). Let j be k(h). Let u(z) = -z**3 - 7*z**2 - 7*z - 3. What is u(j)?
3
Let w = -4 - -7. Let g(o) = o**3 - 5*o - 11. Let m be g(3). Let a be 4 - m/(w/27). Let x(f) = f + 6. Determine x(a).
1
Suppose 12093*l = 12068*l + 425. Let c(a) = a**3 - 15*a**2 - 21*a - 41. What is c(l)?
180
Let p(f) = -3*f + 7 - f + 0*f + 2*f. Suppose -15 = 3*y - 21. Suppose -5*o = 2*h - 20, -21 = -3*h - o - y*o. Determine p(h).
-3
Let y(u) = -u**3 - 130*u**2 + 2338*u - 32. Let b be y(16). Let x(z) be the first derivative of 1 + 1/2*z**2 + 0*z**3 + 6*z + 1/4*z**4. What is x(b)?
6
Let a(u) be the third derivative of u**6/120 + u**5/20 + u**4/4 + u**3/3 - 3*u**2 - 3*u - 18. Give a(-2).
-6
Let m(a) = -a**3 + 16*a**2 - 63*a - 3. Let p be m(10). Let s be p/6 + -1 + (-8)/16. Let l(w) = -w**2 - 10*w - 5. Determine l(s).
16
Let v(u) = -35*u**2 - 15*u - 3. Let h(b) = -6*b**2 - b - 1. Let a(p) = 6*h(p) - v(p). Suppose r + 5*d = -2*r + 18, 5*d - 30 = -5*r. Calculate a(r).
15
Let k(y) = y**3 - 9*y**2 + 8*y - 9. Let h(u) = u**2 - u. Let w(x) = 2*x**2 + 16*x + 112. Let b(d) = 3*h(d) - w(d). Let g be b(24). What is k(g)?
-9
Suppose 0 = -134*b + 141*b - 28. Let j(x) be the first derivative of x**3/3 - 5*x + 3. Give j(b).
11
Suppose -49*j + 45*j = 308. Let f = 83 + j. Let v(b) = -11*b + 4*b + 4 + f*b. What is v(10)?
-6
Let u(a) be the second derivative of -a**5/20 + 5*a**4/12 - a**3/6 - 4*a**2 - 4480*a + 2. Give u(4).
4
Let x = -2756 - -2756. Let f(h) be the third derivative of x*h + 0 - 1/12*h**4 + 1/3*h**3 + 1/60*h**5 + 11*h**2. What is f(3)?
5
Let c(g) be the second derivative of 37*g**3/6 + 402*g. Calculate c(0).
0
Let q(h) = h**2 - 5*h + 1. Let b = 886 - 1030. Let a = b - -149. Give q(a).
1
Let s(q) = 9*q**2 - 19*q - 13. Let w be s(3). Suppose w*x + 32 = -34. Let o(u) = 2*u**2 + 4*u - 6. Calculate o(x).
42
Let z(n) = -n**2 - 16*n - 40. Suppose -49*s = 10*s + 826. Determine z(s).
-12
Let r(v) = v**2 - 6. Let y be -453*15/(-90)*(-1 + 5). Let l = y - 302. Calculate r(l).
-6
Suppose d + 1 = o, -8 = 4*o - 0*o + 2*d. Let s be (-3 + (5 - 2))*o. Let z(q) = -2*q - 340*q**2 + s*q + 3*q + 336*q**2. Give z(1).
-3
Let d be (-12)/(-27) - 1310/(-360)*4. Let m(j) = 13*j - 196. Give m(d).
-1
Let v(d) = d**3 + 10*d**2 + 11*d - 26. Suppose 3*r - 997*l + 38 = -995*l, 3*l = r + 29. What is v(r)?
14
Let z(f) be the second derivative of -f**4/12 + f**3 - 25*f**2/2 + 14*f + 4. Determine z(10).
-65
Let p(w) = -222715 + 222682 + 19*w - 7*w**2 + 6*w**2 + 5*w**2. Give p(-6).
-3
Let m(d) be the second derivative of -d**4/4 - 3*d**2/2 + 10275*d. What is m(4)?
-51
Let m(q) = 17*q - 189. Suppose 42*s - 49 - 23 = 390. Calculate m(s).
-2
Let q = 2501 - 2514. Let o(y) = -y**2 - 10*y + 32. Calculate o(q).
-7
Let x(k) = -4*k - k**3 - 9*k - 708*k**2 - 727*k**2 - 719*k**2 + 25 + 2168*k**2. Calculate x(13).
25
Let z = -250 + 33. Let u = -226 - z. Let m(g) = g**3 + 8*g**2 - 10*g - 3. Calculate m(u).
6
Let u = 51 - -110. Suppose -4*h - 33 + u = 0. Suppose 8 = -4*v + h. Let j(d) = 4*d - 4. Calculate j(v).
20
Suppose 16*m - 42 = 2*m. Suppose -m - 17 = 20*k. Let v(w) = 6*w - 1. Calculate v(k).
-7
Suppose 0 = -59*z + 55*z + 80. Suppose -7 + 21 = -3*r + 2*j, 0 = -5*r + 4*j - z. Let l(t) be the first derivative of -t**2/2 - 4*t + 1. Give l(r).
4
Let u(f) = -f**3 + f**2 + 4*f. Let k(n) = 5*n + 35. Let w(a) = a + 9. Let l(j) = 2*k(j) - 9*w(j). Let r be l(13). Suppose 0*m = r*m - 6. What is u(m)?
-6
Let i(x) = x**3 - 36*x**2 + 348*x - 473. Let d be i(19). Suppose -3*t + 2*t + 2 = 0. Let h(c) = -t + 3*c**2 - 2 + 2*c - c**3 + 3. Give h(d).
7
Let y(p) be the second derivative of -p**4/3 - p**3/3 + 3*p**2/2 + 777*p. Calculate y(-3).
-27
Let t(v) = 2 - 997*v**2 - 21*v + 992*v**2 - 16*v - 12*v + 54*v - v**3. What is t(-5)?
-23
Suppose 4*d + 214 = 5*m, 0 - 16 = -4*d. Let h = -46 + m. Suppose 4*n - 8 - 8 = h. Let y(v) = 2*v - 2. What is y(n)?
6
Let u(m) = -9*m - 1. Let f(b) = 89*b + 37. Let s(o) = f(o) + 10*u(o). What is s(3)?
24
Let i = 1203 + -1204. Let o(z) be the first derivative of 10*z**3/3 + z**2/2 + z + 139. What is o(i)?
10
Let c(h) = h**2 + 11*h - 2. Suppose 0 = -5*j + 25*j + 345 - 125. Determine c(j).
-2
Suppose -2*r + r + 3*g - 2 = 0, 4*r + 2*g = 20. Let w be 6/r + (-17)/34. Let d(h) = -3 + 5 + 1 - 6*h**2 - 2. Give d(w).
-5
Let g(w) be the third derivative of 16*w**2 + 1/120*w**5 + 13/6*w**3 + 0 + 1/24*w**4 + 0*w. Let h(u) be the first derivative of g(u). What is h(5)?
6
Suppose 0 =